{"id":33,"date":"2021-12-15T00:20:36","date_gmt":"2021-12-15T00:20:36","guid":{"rendered":"https:\/\/relay.wordifysites.com\/?page_id=33"},"modified":"2022-12-25T04:39:50","modified_gmt":"2022-12-25T04:39:50","slug":"services","status":"publish","type":"page","link":"https:\/\/menuiseriebls.com\/index.php\/services\/","title":{"rendered":"Services"},"content":{"rendered":"<div class=\"gb-container gb-container-53a73e93\"><div class=\"gb-inside-container\">\n\n<h4 class=\"gb-headline gb-headline-62c55470\"><span class=\"gb-icon\"><svg xmlns=\"http:\/\/www.w3.org\/2000\/svg\" height=\"512\" viewBox=\"0 0 56 56\" width=\"512\"><g id=\"024---Woodworking\"><path id=\"Shape\" d=\"m48.506 6.08-2.829-2.828-2.828 2.828c-.2510745.25995658-.6228779.3642126-.9725073.27269716-.3496295-.09151544-.6226744-.3645604-.7141899-.71418984-.0915154-.34962943.0127406-.72143285.2726972-.97250732l2.828-2.829-1.63-1.63c-.2769119-.2608453-.7090881-.2608453-.986 0l-14.106 14.106 3.644 3.47c2.3345126-2.1405543 5.387681-3.3264899 8.555-3.323.7457206.0022588 1.489841.0691761 2.224.2 3.463853.6241757 7.0126039-.5009923 9.484-3.007l1.3-1.323-2.828-2.836-2.828 2.828c-.3923789.3789722-1.0160848.3735524-1.4018186-.0121814-.3857338-.38573382-.3911536-1.00943971-.0121814-1.4018186zm-8.485 2.828-2.829 2.828c-.3923789.3789722-1.0160848.3735524-1.4018186-.0121814s-.3911536-1.0094397-.0121814-1.4018186l2.828-2.828c.2525868-.25276541.6208353-.35157685.96603-.25921299.3451946.09236386.6148921.36187074.7075.70700001s-.0059432.71344758-.25853.96621298z\"><\/path><path id=\"Shape\" d=\"m27.184 42.75-3.651-1.135c-.5379869-.1790472-.9762037-.5755463-1.208-1.093-2.8149018 2.1349981-6.3936895 2.9970683-9.872 2.378-.6183493-.1093462-1.2450571-.1645554-1.873-.165-2.73467137-.0038277-5.36616435 1.0437571-7.35 2.926l2.85 2.85 3.213-3.213c.39237889-.3789722 1.0160848-.3735524 1.4018186.0121814s.3911536 1.0094397.0121814 1.4018186l-3.213 3.208 2.806 2.806 6.97-7.411c.3783151-.4026156 1.0113844-.4223151 1.414-.044s.4223151 1.0113844.044 1.414l-7.013 7.456 1.651 1.652c.2769119.2608453.7090881.2608453.986 0l12.848-12.851z\"><\/path><path id=\"Shape\" d=\"m15.278 31.308c-.0614067-.1750067-.0977664-.3578152-.108-.543l-.176-3.905-14.787 14.787c-.27008376.2727913-.27008376.7122087 0 .985l1.609 1.61c2.35867238-2.2577499 5.49891919-3.5161418 8.764-3.512.7457246.0021733 1.4898523.0690913 2.224.2 3.3543436.6004393 6.7934829-.4403724 9.252-2.8l-.175-3.88-5.12-1.593-6.054 6.054c-.3923789.3789722-1.01608478.3735524-1.40181858-.0121814-.38573379-.3857338-.39115363-1.0094397-.01218142-1.4018186z\"><\/path><path id=\"Shape\" d=\"m55.793 13.368-1.628-1.628-1.292 1.312c-2.9340073 2.975725-7.1470534 4.3126001-11.26 3.573-.6183493-.1093462-1.2450571-.1645554-1.873-.165-2.6180865-.0032901-5.1456543.9578977-7.1 2.7l3.6 3.432 1.66-1.659c.3923789-.3789722 1.0160848-.3735524 1.4018186.0121814s.3911536 1.0094397.0121814 1.4018186l-1.628 1.628 2.207 2.1c.3278121-.2119164.709656-.325081 1.1-.326.5421828.0047122 1.0635294.2094761 1.464.575l.716.647 12.62-12.618c.2700838-.2727913.2700838-.7122087 0-.985z\"><\/path><path id=\"Shape\" d=\"m55.207 44.667c.5442844-.6178684.7957472-1.4404068.69-2.257-.1093697-.9318285-.5595982-1.7902547-1.264-2.41l-13.515-12.19c-.0378235-.0380511-.0893492-.0593099-.143-.059l-.331.367c-.008.01-.011.021-.019.03s-.016.01-.022.016l-11.591 12.857.092.866v.01l.3 2.792c.0095551.0486586.0357118.0924886.074.124l11.472 10.355c1.395 1.26 4.171.679 5.381-.663zm-13.343 7.181-4.564-4.123c-.4099464-.3698142-.4426241-1.0018823-.073-1.412l8.22-9.11c.3698142-.4099464 1.0018823-.4426241 1.412-.073l4.57 4.123c.4096506.3700995.4418799 1.0021511.072 1.412l-8.22 9.11c-.177752.1983755-.4273015.3176387-.6933105.3313427-.266009.0137041-.5264931-.0792835-.7236895-.2583427z\"><\/path><path id=\"Shape\" d=\"m23.879 34.153.2 4.362v.041l.052 1.153 2.933.909c.064339-.3401323.2186981-.6567929.447-.917l10.343-11.465c.362869-.4023043.3393686-1.0204099-.053-1.394l-2.208-2.1c-.015-.013-.035-.018-.05-.033s-.015-.027-.026-.039l-5.039-4.8-20.149-19.182c-.39798772-.37821916-1.02648346-.36482792-1.408.03l-5.621 5.816c-.19047272.19760826-.29135401.4648171-.279.739l.208 4.69c.01820836.4207769.29810518.7850426.7.911l4.624 1.43c.80797747.2465631 1.37391018.9741909 1.414 1.818l.21 4.851c.0177965.4211501.2977719.7859181.7.912l4.633 1.43c.35164.1223618.6629486.3388942.9.626.015.013.034.018.049.032s.024.042.04.061.057.05.078.082.035.08.057.121c.0204193.0374937.0384551.0762372.054.116.1257431.2445473.2012279.5118044.222.786l.251 5.546 5.3 1.65c.8113351.2425675 1.3802922.9720203 1.418 1.818zm-11.979-27.716c-.3806577.39955299-1.0130274.41521678-1.413.035l-1.481-1.406c-.38647844-.3833526-.39533199-1.00541857-.01992-1.39961477.37541198-.3941962.99716916-.41570126 1.39892-.04838523l1.477 1.4c.1941195.18261634.3073102.43516704.3144448.70158816s-.0923772.52466786-.2764448.71741184zm1.54 2.846c-.3781455-.38459277-.3831631-.99977522-.0113413-1.39048498.3718219-.39070976.9864983-.41615572 1.3893413-.05751502l8.859 8.435c.267251.2443445.3815269.6140768.2987556.9666052-.0827713.3525283-.3496558.6327668-.6977263.7326379-.3480706.0998712-.7229377.0037691-.9800293-.2512431z\"><\/path><\/g><\/svg><\/span><span class=\"gb-headline-text\">Nos services<\/span><\/h4>\n\n\n\n<p class=\"gb-headline gb-headline-a7d5324d gb-headline-text\">La menuiserie BLS une entreprise qui met toute son exp\u00e9rience et son savoir-faire dans la conception et la fabrication de mobilier en bois sur mesure.<\/p>\n\n\n<div class=\"gb-grid-wrapper gb-grid-wrapper-b398b1df\">\n<div class=\"gb-grid-column gb-grid-column-3ab92be5\"><div class=\"gb-container gb-container-3ab92be5\"><div class=\"gb-inside-container\">\n\n<h5 class=\"gb-headline gb-headline-1d83deee\"><span class=\"gb-icon\"><svg width=\"512\" viewBox=\"0 0 512 512\" height=\"512\" id=\"Capa_1\" xmlns=\"http:\/\/www.w3.org\/2000\/svg\"><g><path d=\"m381 282h-250c-16.569 0-30 13.431-30 30v15c0 8.284 6.716 15 15 15h23.132l-18.029 153.246c-.968 8.228 4.917 15.682 13.145 16.65 8.227.968 15.682-4.917 16.65-13.145l5.5-46.751h199.205l5.5 46.751c.968 8.227 8.422 14.113 16.65 13.145s14.113-8.422 13.145-16.65l-18.03-153.246h23.132c8.284 0 15-6.716 15-15v-15c0-16.569-13.431-30-30-30zm-28.927 140h-192.146l9.412-80h173.323z\"><\/path><path d=\"m136 90h240c13.807 0 25-11.193 25-25v-40c0-13.807-11.193-25-25-25h-240c-13.807 0-25 11.193-25 25v40c0 13.807 11.193 25 25 25z\"><\/path><path d=\"m206 120h30v132h-30z\"><\/path><path d=\"m346 120h30v132h-30z\"><\/path><path d=\"m136 120h30v132h-30z\"><\/path><path d=\"m276 120h30v132h-30z\"><\/path><\/g><\/svg><\/span><span class=\"gb-headline-text\">Meuble sur mesure <\/span><\/h5>\n\n\n\n<p class=\"gb-headline gb-headline-2fc7cb20 gb-headline-text\">Fabrication de meubles parfaitement adapt\u00e9s \u00e0 votre int\u00e9rieur.<\/p>\n\n<\/div><\/div><\/div>\n\n<div class=\"gb-grid-column gb-grid-column-59e57264\"><div class=\"gb-container gb-container-59e57264\"><div class=\"gb-inside-container\">\n\n<h5 class=\"gb-headline gb-headline-9451c10f\"><span class=\"gb-icon\"><svg width=\"512\" viewBox=\"0 0 512 512\" height=\"512\" id=\"Capa_1\" xmlns=\"http:\/\/www.w3.org\/2000\/svg\"><g><path d=\"m146.121 86.001c0 36.925-29.933 66.858-66.858 66.858h-15.391v-53.577c0-5.994-4.859-10.853-10.853-10.853h-42.166c-5.994 0-10.853 4.859-10.853 10.853v382.722c0 5.994 4.859 10.853 10.853 10.853h42.166c5.994 0 10.853-4.859 10.853-10.853v-74.126h177.128v-245.192c-17.415-6.189-29.922-22.826-29.922-42.337s12.507-36.149 29.922-42.338v-58.868h-28.021c-36.924 0-66.858 29.933-66.858 66.858zm49.147 268.373h-131.396v-30h131.396c8.284 0 15 6.716 15 15s-6.716 15-15 15zm0-60.001h-131.396v-30h131.396c8.284 0 15 6.716 15 15s-6.716 15-15 15zm0-60h-131.396v-30h131.396c8.284 0 15 6.716 15 15s-6.716 15-15 15z\"><\/path><ellipse transform=\"matrix(.707 -.707 .707 .707 -10.118 216.269)\" ry=\"14.922\" rx=\"14.922\" cy=\"120.348\" cx=\"256\"><\/ellipse><path d=\"m501.147 88.429h-42.166c-5.994 0-10.853 4.859-10.853 10.853v53.578h-15.391c-36.925 0-66.858-29.933-66.858-66.858 0-36.925-29.933-66.858-66.858-66.858h-28.021v58.868c17.415 6.189 29.922 22.826 29.922 42.337s-12.507 36.148-29.922 42.337v245.192h177.128v74.126c0 5.994 4.859 10.853 10.853 10.853h42.166c5.994 0 10.853-4.859 10.853-10.853v-382.722c0-5.994-4.859-10.853-10.853-10.853zm-185.885 115.944h132.866v30h-132.866c-8.284 0-15-6.716-15-15s6.716-15 15-15zm0 60h132.866v30h-132.866c-8.284 0-15-6.716-15-15s6.716-15 15-15zm0 90.001c-8.284 0-15-6.716-15-15s6.716-15 15-15h132.866v30z\"><\/path><\/g><\/svg><\/span><span class=\"gb-headline-text\">Portes &amp; Volets<\/span><\/h5>\n\n\n\n<p class=\"gb-headline gb-headline-8b73a0c5 gb-headline-text\">Menuisier&nbsp;sp\u00e9cialis\u00e9 dans la fabrication de portes et volets en bois.<\/p>\n\n<\/div><\/div><\/div>\n\n<div class=\"gb-grid-column gb-grid-column-cd7478c3\"><div class=\"gb-container gb-container-cd7478c3\"><div class=\"gb-inside-container\">\n\n<h5 class=\"gb-headline gb-headline-beafcc95\"><span class=\"gb-icon\"><svg width=\"512\" viewBox=\"0 0 64 64\" height=\"512\" xmlns=\"http:\/\/www.w3.org\/2000\/svg\"><g data-name=\"Layer 11\" id=\"Layer_11\"><path d=\"m46 48h10v8h-10z\"><\/path><path d=\"m34 48h10v8h-10z\"><\/path><path d=\"m34 46h22v-6h-22zm9-4h4v2h-4z\"><\/path><path d=\"m58 11v-2h-26v-1h-24v48h24v-45h14v2.18a3 3 0 0 0 -2 2.82v1h2v-1a1 1 0 0 1 2 0 1.43 1.43 0 0 1 -.41 1l-1.59 1.59v1.63l-5.54 1.38a3.25 3.25 0 0 0 .79 6.4h11.5a3.25 3.25 0 0 0 .79-6.4l-5.54-1.38v-.81l1-1a3.4 3.4 0 0 0 1-2.41 3 3 0 0 0 -2-2.82v-2.18zm-28 25h-2v-7h2zm23.06-12.46a1.25 1.25 0 0 1 -.31 2.46h-11.5a1.25 1.25 0 0 1 -.31-2.46l6.06-1.54z\"><\/path><\/g><\/svg><\/span><span class=\"gb-headline-text\">Placards &amp; Dressings<\/span><\/h5>\n\n\n\n<p class=\"gb-headline gb-headline-87817d63 gb-headline-text\">Conception et pose de placards et&nbsp;dressings sur-mesure.<\/p>\n\n<\/div><\/div><\/div>\n\n<div class=\"gb-grid-column gb-grid-column-944fbea9\"><div class=\"gb-container gb-container-944fbea9\"><div class=\"gb-inside-container\">\n\n<h5 class=\"gb-headline gb-headline-d7eb3072\"><span class=\"gb-icon\"><svg width=\"512\" viewBox=\"0 0 64 64\" height=\"512\" id=\"Solid\" xmlns=\"http:\/\/www.w3.org\/2000\/svg\"><path d=\"m.25 62a1.749 1.749 0 0 0 1.75 1.75h14.25v-28h-16z\"><\/path><path d=\"m47.75 63.75h14.25a1.749 1.749 0 0 0 1.75-1.75v-26.25h-16z\"><\/path><path d=\"m19.75 35.75h24.5v12.25h-24.5z\"><\/path><path d=\"m19.75 51.5h24.5v12.25h-24.5z\"><\/path><path d=\"m62 24.75h-60a1.751 1.751 0 0 0 -1.75 1.75v5.75h63.5v-5.75a1.751 1.751 0 0 0 -1.75-1.75z\"><\/path><path d=\"m24 8.75a1.75 1.75 0 0 0 1.75-1.75v-1a2.25 2.25 0 0 1 4.5 0v15.25h3.5v-15.25a5.75 5.75 0 0 0 -11.5 0v1a1.75 1.75 0 0 0 1.75 1.75z\"><\/path><path d=\"m15 18.75h1.25v2.5h3.5v-2.5h1.25a1.75 1.75 0 0 0 0-3.5h-6a1.75 1.75 0 0 0 0 3.5z\"><\/path><path d=\"m43 18.75h1.25v2.5h3.5v-2.5h1.25a1.75 1.75 0 0 0 0-3.5h-6a1.75 1.75 0 0 0 0 3.5z\"><\/path><\/svg><\/span><span class=\"gb-headline-text\">Cuisine<\/span><\/h5>\n\n\n\n<p class=\"gb-headline gb-headline-bea699d7 gb-headline-text\">Artisan menuisier fabricant de meubles de cuisine.<\/p>\n\n<\/div><\/div><\/div>\n\n<div class=\"gb-grid-column gb-grid-column-678a7ca8\"><div class=\"gb-container gb-container-678a7ca8\"><div class=\"gb-inside-container\">\n\n<h5 class=\"gb-headline gb-headline-ecc2d4bf\"><span class=\"gb-icon\"><svg width=\"512\" viewBox=\"0 0 512 512\" height=\"512\" id=\"Capa_1\" xmlns=\"http:\/\/www.w3.org\/2000\/svg\"><path d=\"m391 245c0-16.542-13.458-30-30-30h-30c-16.542 0-30 13.458-30 30v105h90z\"><\/path><path d=\"m61 75c0-24.81 20.19-45 45-45h30c20.274 0 37.456 13.484 43.064 31.952-33.222 7.702-58.064 37.518-58.064 73.048v15h150v-15c0-36.668-26.457-67.253-61.28-73.72-6.467-34.826-37.056-61.28-73.72-61.28h-30c-41.35 0-75 33.64-75 75v140h30z\"><\/path><path d=\"m421 380h-150v-45h-240v45c0 39.251 21.65 73.533 53.632 91.548l-19.238 19.238 21.212 21.214 28.995-28.995c6.601 1.304 13.421 1.995 20.399 1.995h240c6.978 0 13.798-.691 20.399-1.995l28.995 28.995 21.213-21.213-19.238-19.238c31.981-18.016 53.631-52.298 53.631-91.549v-45h-60z\"><\/path><path d=\"m482 245h-61v60h61c16.54 0 30-13.46 30-30s-13.46-30-30-30z\"><\/path><path d=\"m271 245h-241c-16.54 0-30 13.46-30 30s13.46 30 30 30h241z\"><\/path><\/svg><\/span><span class=\"gb-headline-text\">Salle de bain<\/span><\/h5>\n\n\n\n<p class=\"gb-headline gb-headline-2e628976 gb-headline-text\">Artisan menuisier fabricant de meubles de salle de bain.<\/p>\n\n<\/div><\/div><\/div>\n\n<div class=\"gb-grid-column gb-grid-column-892c805c\"><div class=\"gb-container gb-container-892c805c\"><div class=\"gb-inside-container\">\n\n<h5 class=\"gb-headline gb-headline-8b75a171\"><span class=\"gb-icon\"><svg width=\"512\" viewBox=\"0 0 508.914 508.914\" height=\"512\" id=\"Layer_1\" xmlns=\"http:\/\/www.w3.org\/2000\/svg\"><g><g><path d=\"m451.957 361.411 20-27.503-20-27.5 20-27.498-20-27.498 20-27.498h-90v165h90z\"><\/path><path d=\"m381.957 418.914v90h120v-90c-10.727 0-103.798 0-120 0zm75 60h-30v-30h30z\"><\/path><path d=\"m269.105 285.553-3.138-12.111c-31.33 14.073-67.53 14.002-98.915-.408l-3.038 11.727 52.942 52.941z\"><\/path><path d=\"m141.957 307.254v111.66h150v-111.359l-1.867-.561-73.133 73.133-73.363-73.363z\"><\/path><path d=\"m111.957 316.254-62.241 18.673c-25.575 7.674-42.759 30.769-42.759 57.468v116.52h60v-90h45z\"><\/path><path d=\"m321.957 418.914h30c0-10.895 0-82.748 0-93.36l-30-9z\"><\/path><path d=\"m96.957 448.914h255v60h-255z\"><\/path><path d=\"m216.957 253.914c49.706 0 90-40.295 90-90v-45h-180v45c0 49.705 40.294 90 90 90zm-15-75c.756 19.877 29.251 19.862 30 0h30c-2.269 59.632-87.752 59.586-90 0z\"><\/path><path d=\"m126.957 88.914h179c0-44.245-31.928-81.032-74-88.581v28.581h-30v-28.914c-43.057 6.725-76 43.971-76 88.914h-29v30h30z\"><\/path><path d=\"m306.957 88.914h30v30h-30z\"><\/path><\/g><\/g><\/svg><\/span><span class=\"gb-headline-text\">R\u00e9novation<\/span><\/h5>\n\n\n\n<p class=\"has-contrast-3-color has-text-color\">\u00c0 la demande, nous effectuons aussi la r\u00e9novation ou la r\u00e9paration de mobilier en bois.<\/p>\n\n<\/div><\/div><\/div>\n<\/div>\n<\/div><\/div>\n\n<div class=\"gb-container gb-container-0262cc5a\"><div class=\"gb-inside-container\">\n\n<p class=\"gb-headline gb-headline-65f330a9\"><span class=\"gb-icon\"><svg width=\"512\" viewBox=\"0 0 508.914 508.914\" height=\"512\" id=\"Layer_1\" xmlns=\"http:\/\/www.w3.org\/2000\/svg\"><g><g><path d=\"m451.957 361.411 20-27.503-20-27.5 20-27.498-20-27.498 20-27.498h-90v165h90z\"><\/path><path d=\"m381.957 418.914v90h120v-90c-10.727 0-103.798 0-120 0zm75 60h-30v-30h30z\"><\/path><path d=\"m269.105 285.553-3.138-12.111c-31.33 14.073-67.53 14.002-98.915-.408l-3.038 11.727 52.942 52.941z\"><\/path><path d=\"m141.957 307.254v111.66h150v-111.359l-1.867-.561-73.133 73.133-73.363-73.363z\"><\/path><path d=\"m111.957 316.254-62.241 18.673c-25.575 7.674-42.759 30.769-42.759 57.468v116.52h60v-90h45z\"><\/path><path d=\"m321.957 418.914h30c0-10.895 0-82.748 0-93.36l-30-9z\"><\/path><path d=\"m96.957 448.914h255v60h-255z\"><\/path><path d=\"m216.957 253.914c49.706 0 90-40.295 90-90v-45h-180v45c0 49.705 40.294 90 90 90zm-15-75c.756 19.877 29.251 19.862 30 0h30c-2.269 59.632-87.752 59.586-90 0z\"><\/path><path d=\"m126.957 88.914h179c0-44.245-31.928-81.032-74-88.581v28.581h-30v-28.914c-43.057 6.725-76 43.971-76 88.914h-29v30h30z\"><\/path><path d=\"m306.957 88.914h30v30h-30z\"><\/path><\/g><\/g><\/svg><\/span><span class=\"gb-headline-text\">Rencontrez votre futur artisan menuisier<\/span><\/p>\n\n\n\n<p class=\"gb-headline gb-headline-81b997ab gb-headline-text\">Prenez un rendez-vous pour un devis chiffr\u00e9 gratuit et la concr\u00e9tisation de votre projet de menuiserie commence imm\u00e9diatement !<\/p>\n\n\n<div class=\"gb-grid-wrapper gb-grid-wrapper-8e2a75e3\">\n<div class=\"gb-grid-column gb-grid-column-d9b4f4a3\"><div class=\"gb-container gb-container-d9b4f4a3\"><div class=\"gb-inside-container\">\n<div class=\"gb-button-wrapper gb-button-wrapper-253eadd8\">\n\n<a class=\"gb-button gb-button-d3fdecf1\" href=\"tel:+681835550\"><span class=\"gb-icon\"><svg xml:space=\"preserve\" style=\"enable-background:new 0 0 332.039 332.039\" viewBox=\"0 0 332.039 332.039\" xmlns=\"http:\/\/www.w3.org\/2000\/svg\"><path d=\"m216.879 68.733 21.749-4.402V9.149A9.149 9.149 0 0 0 229.48 0H50.167c-5.052 0-9.147 4.096-9.147 9.149v313.742a9.147 9.147 0 0 0 9.147 9.148H229.48a9.148 9.148 0 0 0 9.148-9.148V150.383l-23.198 15.71v97.449H64.217V25.464H215.43v43.624c.477-.134.96-.256 1.449-.355zm-77.055 210.57c8.541 0 15.464 6.924 15.464 15.466s-6.923 15.464-15.464 15.464-15.465-6.922-15.465-15.464 6.924-15.466 15.465-15.466z\"><\/path><path d=\"M290.352 73.006a2.918 2.918 0 0 0-2.827-1.001l-67.229 13.607a2.916 2.916 0 0 0-1.67 4.716l12.009 14.547-69.54 59.929-32.469-31.079-2.697-2.581-2.477 2.164-33.979 30.206 3.173 3.88 32.446-25.898 30.761 37.174 3.698 4.471 5.459-3.698 81.577-55.247 13.178 15.961a2.918 2.918 0 0 0 4.947-.748l26.09-63.436a2.923 2.923 0 0 0-.45-2.967z\"><\/path><\/svg><\/span><span class=\"gb-button-text\">Appelez-nous<\/span><\/a>\n\n<\/div>\n<\/div><\/div><\/div>\n\n<div class=\"gb-grid-column gb-grid-column-7077267c\"><div class=\"gb-container gb-container-7077267c\"><div class=\"gb-inside-container\">\n<div class=\"gb-button-wrapper gb-button-wrapper-339bcda1\">\n\n<a class=\"gb-button gb-button-a29457bf\" href=\"https:\/\/menuiseriebls.com\/index.php\/contact\/\"><span class=\"gb-icon\"><svg aria-hidden=\"true\" role=\"img\" height=\"1em\" width=\"1em\" viewBox=\"0 0 512 512\" xmlns=\"http:\/\/www.w3.org\/2000\/svg\"><path fill=\"currentColor\" d=\"M464 64H48C21.49 64 0 85.49 0 112v288c0 26.51 21.49 48 48 48h416c26.51 0 48-21.49 48-48V112c0-26.51-21.49-48-48-48zm0 48v40.805c-22.422 18.259-58.168 46.651-134.587 106.49-16.841 13.247-50.201 45.072-73.413 44.701-23.208.375-56.579-31.459-73.413-44.701C106.18 199.465 70.425 171.067 48 152.805V112h416zM48 400V214.398c22.914 18.251 55.409 43.862 104.938 82.646 21.857 17.205 60.134 55.186 103.062 54.955 42.717.231 80.509-37.199 103.053-54.947 49.528-38.783 82.032-64.401 104.947-82.653V400H48z\"><\/path><\/svg><\/span><span class=\"gb-button-text\">Demande de devis<\/span><\/a>\n\n<\/div>\n<\/div><\/div><\/div>\n<\/div>\n<\/div><\/div>\n\n\n<p><\/p>\n","protected":false},"excerpt":{"rendered":"<p>Nos services La menuiserie BLS une entreprise qui met toute son exp\u00e9rience et son savoir-faire dans la conception et la fabrication de mobilier en bois sur mesure. Rencontrez votre futur artisan menuisier Prenez un rendez-vous pour un devis chiffr\u00e9 gratuit et la concr\u00e9tisation de votre projet de menuiserie commence imm\u00e9diatement !<\/p>\n","protected":false},"author":1,"featured_media":0,"parent":0,"menu_order":0,"comment_status":"closed","ping_status":"closed","template":"","meta":{"footnotes":""},"class_list":["post-33","page","type-page","status-publish"],"yoast_head":"<!-- This site is optimized with the Yoast SEO plugin v19.13 - https:\/\/yoast.com\/wordpress\/plugins\/seo\/ -->\n<title>Services - Menuiserie BLS concept<\/title>\n<meta name=\"description\" content=\"Prenez un rendez-vous pour un devis chiffr\u00e9 gratuit et la concr\u00e9tisation de votre projet de menuiserie commence imm\u00e9diatement !\" \/>\n<meta name=\"robots\" content=\"index, follow, max-snippet:-1, max-image-preview:large, max-video-preview:-1\" \/>\n<link rel=\"canonical\" href=\"https:\/\/menuiseriebls.com\/index.php\/services\/\" \/>\n<meta property=\"og:locale\" content=\"en_US\" \/>\n<meta property=\"og:type\" content=\"article\" \/>\n<meta property=\"og:title\" content=\"Services - Menuiserie BLS concept\" \/>\n<meta property=\"og:description\" content=\"Prenez un rendez-vous pour un devis chiffr\u00e9 gratuit et la concr\u00e9tisation de votre projet de menuiserie commence imm\u00e9diatement !\" \/>\n<meta property=\"og:url\" content=\"https:\/\/menuiseriebls.com\/index.php\/services\/\" \/>\n<meta property=\"og:site_name\" content=\"Menuiserie BLS concept\" \/>\n<meta property=\"article:modified_time\" content=\"2022-12-25T04:39:50+00:00\" \/>\n<meta name=\"twitter:card\" content=\"summary_large_image\" \/>\n<meta name=\"twitter:label1\" content=\"Est. reading time\" \/>\n\t<meta name=\"twitter:data1\" content=\"1 minute\" \/>\n<script type=\"application\/ld+json\" class=\"yoast-schema-graph\">{\"@context\":\"https:\/\/schema.org\",\"@graph\":[{\"@type\":\"WebPage\",\"@id\":\"https:\/\/menuiseriebls.com\/index.php\/services\/\",\"url\":\"https:\/\/menuiseriebls.com\/index.php\/services\/\",\"name\":\"Services - Menuiserie BLS concept\",\"isPartOf\":{\"@id\":\"https:\/\/menuiseriebls.com\/#website\"},\"datePublished\":\"2021-12-15T00:20:36+00:00\",\"dateModified\":\"2022-12-25T04:39:50+00:00\",\"description\":\"Prenez un rendez-vous pour un devis chiffr\u00e9 gratuit et la concr\u00e9tisation de votre projet de menuiserie commence imm\u00e9diatement !\",\"breadcrumb\":{\"@id\":\"https:\/\/menuiseriebls.com\/index.php\/services\/#breadcrumb\"},\"inLanguage\":\"en-US\",\"potentialAction\":[{\"@type\":\"ReadAction\",\"target\":[\"https:\/\/menuiseriebls.com\/index.php\/services\/\"]}]},{\"@type\":\"BreadcrumbList\",\"@id\":\"https:\/\/menuiseriebls.com\/index.php\/services\/#breadcrumb\",\"itemListElement\":[{\"@type\":\"ListItem\",\"position\":1,\"name\":\"Home\",\"item\":\"https:\/\/menuiseriebls.com\/\"},{\"@type\":\"ListItem\",\"position\":2,\"name\":\"Services\"}]},{\"@type\":\"WebSite\",\"@id\":\"https:\/\/menuiseriebls.com\/#website\",\"url\":\"https:\/\/menuiseriebls.com\/\",\"name\":\"Menuiserie BLS concept\",\"description\":\"Notre plus beau projet, c&#039;est le v\u00f4tre\",\"publisher\":{\"@id\":\"https:\/\/menuiseriebls.com\/#organization\"},\"potentialAction\":[{\"@type\":\"SearchAction\",\"target\":{\"@type\":\"EntryPoint\",\"urlTemplate\":\"https:\/\/menuiseriebls.com\/?s={search_term_string}\"},\"query-input\":\"required name=search_term_string\"}],\"inLanguage\":\"en-US\"},{\"@type\":\"Organization\",\"@id\":\"https:\/\/menuiseriebls.com\/#organization\",\"name\":\"Menuiserie BLS concept\",\"url\":\"https:\/\/menuiseriebls.com\/\",\"logo\":{\"@type\":\"ImageObject\",\"inLanguage\":\"en-US\",\"@id\":\"https:\/\/menuiseriebls.com\/#\/schema\/logo\/image\/\",\"url\":\"https:\/\/menuiseriebls.com\/wp-content\/uploads\/2022\/12\/MBC-logo.png\",\"contentUrl\":\"https:\/\/menuiseriebls.com\/wp-content\/uploads\/2022\/12\/MBC-logo.png\",\"width\":2271,\"height\":1674,\"caption\":\"Menuiserie BLS concept\"},\"image\":{\"@id\":\"https:\/\/menuiseriebls.com\/#\/schema\/logo\/image\/\"}}]}<\/script>\n<!-- \/ Yoast SEO plugin. -->","yoast_head_json":{"title":"Services - Menuiserie BLS concept","description":"Prenez un rendez-vous pour un devis chiffr\u00e9 gratuit et la concr\u00e9tisation de votre projet de menuiserie commence imm\u00e9diatement !","robots":{"index":"index","follow":"follow","max-snippet":"max-snippet:-1","max-image-preview":"max-image-preview:large","max-video-preview":"max-video-preview:-1"},"canonical":"https:\/\/menuiseriebls.com\/index.php\/services\/","og_locale":"en_US","og_type":"article","og_title":"Services - Menuiserie BLS concept","og_description":"Prenez un rendez-vous pour un devis chiffr\u00e9 gratuit et la concr\u00e9tisation de votre projet de menuiserie commence imm\u00e9diatement !","og_url":"https:\/\/menuiseriebls.com\/index.php\/services\/","og_site_name":"Menuiserie BLS concept","article_modified_time":"2022-12-25T04:39:50+00:00","twitter_card":"summary_large_image","twitter_misc":{"Est. reading time":"1 minute"},"schema":{"@context":"https:\/\/schema.org","@graph":[{"@type":"WebPage","@id":"https:\/\/menuiseriebls.com\/index.php\/services\/","url":"https:\/\/menuiseriebls.com\/index.php\/services\/","name":"Services - Menuiserie BLS concept","isPartOf":{"@id":"https:\/\/menuiseriebls.com\/#website"},"datePublished":"2021-12-15T00:20:36+00:00","dateModified":"2022-12-25T04:39:50+00:00","description":"Prenez un rendez-vous pour un devis chiffr\u00e9 gratuit et la concr\u00e9tisation de votre projet de menuiserie commence imm\u00e9diatement !","breadcrumb":{"@id":"https:\/\/menuiseriebls.com\/index.php\/services\/#breadcrumb"},"inLanguage":"en-US","potentialAction":[{"@type":"ReadAction","target":["https:\/\/menuiseriebls.com\/index.php\/services\/"]}]},{"@type":"BreadcrumbList","@id":"https:\/\/menuiseriebls.com\/index.php\/services\/#breadcrumb","itemListElement":[{"@type":"ListItem","position":1,"name":"Home","item":"https:\/\/menuiseriebls.com\/"},{"@type":"ListItem","position":2,"name":"Services"}]},{"@type":"WebSite","@id":"https:\/\/menuiseriebls.com\/#website","url":"https:\/\/menuiseriebls.com\/","name":"Menuiserie BLS concept","description":"Notre plus beau projet, c&#039;est le v\u00f4tre","publisher":{"@id":"https:\/\/menuiseriebls.com\/#organization"},"potentialAction":[{"@type":"SearchAction","target":{"@type":"EntryPoint","urlTemplate":"https:\/\/menuiseriebls.com\/?s={search_term_string}"},"query-input":"required name=search_term_string"}],"inLanguage":"en-US"},{"@type":"Organization","@id":"https:\/\/menuiseriebls.com\/#organization","name":"Menuiserie BLS concept","url":"https:\/\/menuiseriebls.com\/","logo":{"@type":"ImageObject","inLanguage":"en-US","@id":"https:\/\/menuiseriebls.com\/#\/schema\/logo\/image\/","url":"https:\/\/menuiseriebls.com\/wp-content\/uploads\/2022\/12\/MBC-logo.png","contentUrl":"https:\/\/menuiseriebls.com\/wp-content\/uploads\/2022\/12\/MBC-logo.png","width":2271,"height":1674,"caption":"Menuiserie BLS concept"},"image":{"@id":"https:\/\/menuiseriebls.com\/#\/schema\/logo\/image\/"}}]}},"_links":{"self":[{"href":"https:\/\/menuiseriebls.com\/index.php\/wp-json\/wp\/v2\/pages\/33","targetHints":{"allow":["GET"]}}],"collection":[{"href":"https:\/\/menuiseriebls.com\/index.php\/wp-json\/wp\/v2\/pages"}],"about":[{"href":"https:\/\/menuiseriebls.com\/index.php\/wp-json\/wp\/v2\/types\/page"}],"author":[{"embeddable":true,"href":"https:\/\/menuiseriebls.com\/index.php\/wp-json\/wp\/v2\/users\/1"}],"replies":[{"embeddable":true,"href":"https:\/\/menuiseriebls.com\/index.php\/wp-json\/wp\/v2\/comments?post=33"}],"version-history":[{"count":4,"href":"https:\/\/menuiseriebls.com\/index.php\/wp-json\/wp\/v2\/pages\/33\/revisions"}],"predecessor-version":[{"id":818,"href":"https:\/\/menuiseriebls.com\/index.php\/wp-json\/wp\/v2\/pages\/33\/revisions\/818"}],"wp:attachment":[{"href":"https:\/\/menuiseriebls.com\/index.php\/wp-json\/wp\/v2\/media?parent=33"}],"curies":[{"name":"wp","href":"https:\/\/api.w.org\/{rel}","templated":true}]}}